{"id":50,"date":"2021-06-05T09:43:00","date_gmt":"2021-06-05T07:43:00","guid":{"rendered":"http:\/\/womensvoice-neulussheim.de\/blog\/?page_id=50"},"modified":"2024-10-05T18:32:59","modified_gmt":"2024-10-05T16:32:59","slug":"das-sind-wir","status":"publish","type":"page","link":"https:\/\/womensvoice-neulussheim.de\/blog\/","title":{"rendered":"Das sind wir!"},"content":{"rendered":"\n<p class=\"has-text-align-center has-large-font-size\"><strong>Der Frauenchor Women\u00b4s Voice<\/strong><\/p>\n\n\n\n<p class=\"has-text-align-center has-text-color\" style=\"color:#498cb6;font-size:29px\"><strong>Herzlich Willkommen!<\/strong><\/p>\n\n\n\n<p class=\"has-text-align-center has-text-color\" style=\"color:#498cb6;font-size:22px\"><strong>Wir freuen uns immer \u00fcber neue S\u00e4ngerinnen in unserer gro\u00dfen Chor-Familie.<\/strong><\/p>\n\n\n\n<p class=\"has-text-align-center\">Falls Du auch gerne singst, nicht nur im Auto, in der Dusche oder bei den Hausarbeiten, dann melde Dich bei uns,<\/p>\n\n\n\n<p class=\"has-text-align-center\">bei Heike Ullrich oder Daniela Hertenstein oder vorstand@womensvoice-neulussheim.de.<\/p>\n\n\n\n<p class=\"has-text-align-center has-turquoise-color has-text-color\" style=\"font-size:17px\"><strong>Unsere Chorproben sind dienstags um 19:45Uhr im Haus der Feuerwehr, Kornstra\u00dfe 65 in 68809 Neulu\u00dfheim<\/strong><\/p>\n\n\n\n<p class=\"has-text-align-center\" style=\"font-size:17px\"><\/p>\n\n\n\n<p class=\"has-text-align-center\"><br> &nbsp; <br> <\/p>\n","protected":false},"excerpt":{"rendered":"<p><a href=\"https:\/\/womensvoice-neulussheim.de\/blog\/\" class=\"more-link\"><span class=\"readmore\">Weiterlesen&#8230;<span class=\"screen-reader-text\">Das sind wir!<\/span><\/span><\/a><\/p>\n","protected":false},"author":2,"featured_media":0,"parent":0,"menu_order":0,"comment_status":"closed","ping_status":"closed","template":"","meta":{"footnotes":""},"class_list":["post-50","page","type-page","status-publish","hentry"],"_links":{"self":[{"href":"https:\/\/womensvoice-neulussheim.de\/blog\/wp-json\/wp\/v2\/pages\/50","targetHints":{"allow":["GET"]}}],"collection":[{"href":"https:\/\/womensvoice-neulussheim.de\/blog\/wp-json\/wp\/v2\/pages"}],"about":[{"href":"https:\/\/womensvoice-neulussheim.de\/blog\/wp-json\/wp\/v2\/types\/page"}],"author":[{"embeddable":true,"href":"https:\/\/womensvoice-neulussheim.de\/blog\/wp-json\/wp\/v2\/users\/2"}],"replies":[{"embeddable":true,"href":"https:\/\/womensvoice-neulussheim.de\/blog\/wp-json\/wp\/v2\/comments?post=50"}],"version-history":[{"count":151,"href":"https:\/\/womensvoice-neulussheim.de\/blog\/wp-json\/wp\/v2\/pages\/50\/revisions"}],"predecessor-version":[{"id":6741,"href":"https:\/\/womensvoice-neulussheim.de\/blog\/wp-json\/wp\/v2\/pages\/50\/revisions\/6741"}],"wp:attachment":[{"href":"https:\/\/womensvoice-neulussheim.de\/blog\/wp-json\/wp\/v2\/media?parent=50"}],"curies":[{"name":"wp","href":"https:\/\/api.w.org\/{rel}","templated":true}]}}